e value of 23 - (106 + -20) - -34?
-29
What is the value of -9 + 4 + 38 - 24?
9
(61 - (0 + 18)) + -23
20
What is the value of 157 + -170 - (1 - 6)?
-8
What is the value of 11 + (18 - 10) - 7?
12
-3 - 2 - ((-5 - -9) + -19 + 12)
-2
(25 - 21) + 14 + -9
9
11 - -4 - 24 - 2
-11
Calculate (34 - (32 - 39)) + -38.
3
Evaluate (1 - -1 - 7) + (-21 - (-21 + -8)).
3
What is the value of (-859 - -856) + (-1 - 19)?
-23
Evaluate -4 + 1 + -3 + 9 + 1 + -1.
3
What is the value of (-133 - -137) + (1 - -1)?
6
Calculate -3 - ((7 - -2) + -2 + 3 + 15).
-28
What is -19 + 12 + -3 + 17?
7
Evaluate 18 + -1 + (1 - 3 - (428 - 437)).
24
Calculate 10 + (-1 - -1) + (9 - 5).
14
What is -13 - (0 - (-5 + 12 + 3 + -14))?
-17
What is 10 + -11 + 6 - (15 - (0 + -2))?
-12
What is (-1 - -3) + -22 + 4408 + -4404?
-16
Calculate 7 + 4 - (-4 + 0).
15
What is -19 + (16 - 22) + 14 + (-4 - -1)?
-14
What is 9 + (21 - (50 + -19)) + (-3 - -1)?
-3
Evaluate -1 - -15 - (-26 + 32).
8
What is the value of -12 - ((10 - 19) + -7) - -9?
13
What is (54 - 9 - 16) + (7 - (2 - 1))?
35
Calculate (7 + 25 - 18) + -17.
-3
Evaluate 11 + -5 + 3 + -14 - -20.
15
What is (-10 - -2) + (-50 - -71)?
13
Calculate -8 + 0 + 22 - 28.
-14
-2 + 32 - (-34 + 25) - 4 - 6
29
33 - (-3 + (2 - 1)) - (-2688 + 2689)
34
-18 + 20 + (22 - 36)
-12
Calculate 1 - (0 - -5) - (61 + -55).
-10
Calculate 0 + -2 - -1 - -2 - (-410 - -388).
23
Calculate 25 + 1 - (-1998 + 2034).
-10
What is the value of -3 + -8 + (-13 - (-8 - (-21 + 9)))?
-28
19 - (1 - (-3 + -6) - -1)
8
Calculate 9 - (-12 - -9 - -12) - -21.
21
What is the value of -2 + -4 - -2 - (2 - 14)?
8
Calculate -19 + 3 + (-51 - -65).
-2
What is 4 - -8 - (-1 + 11) - 19?
-17
((-11 - -2) + 14 - -1) + 7
13
Evaluate (258 - 306) + (28 - 7).
-27
Evaluate -5 - (0 - -5 - (1 + 7)).
-2
What is the value of -21 + (26 - 18 - -6)?
-7
What is the value of (-44 - -88) + 2 - 59?
-13
Evaluate -1 + -3 + -11 + -9 + 14.
-10
Calculate 11 + (9 - (-9 - (-13 - 29))).
-13
What is 5 + -48 + 25 - (-8 + -1)?
-9
Evaluate (-148 - -149) + (2 - (2 + 1) - -1).
1
What is -2 - -24 - ((9 - -5) + -3 + -6)?
17
Evaluate (0 + 2 + 36 - 1) + 48 + -48.
37
Evaluate 5 - ((-11 - -13) + (0 - 1) + -1).
5
Calculate 2 - (0 - (4 + 2)) - 24.
-16
Calculate (23 - 12) + 0 + 10 + -12.
9
Calculate -11 - (-2 - -5 - 2 - -2).
-14
Evaluate 96 - 88 - (2 + -5).
11
Calculate 253 - 241 - (1 + (1 - 1 - -9)).
2
Calculate -2 + (6 - 2) + -10 + 6 + -7.
-9
Calculate (3 - -2) + 1 - (-344 + 342).
8
What is -1 - (6 + -8 + (4 - 6))?
3
(-25 - (-11 + -1)) + (64 - 23)
28
-4 + (-4 + -15 - -16)
-7
Calculate -38 - -31 - ((-2 - 3 - -1) + 4).
-7
-675 + 704 - (13 - 0)
16
-16 - (-2 + -23 + -2)
11
Evaluate -29 + (-23 + 6 - -9) + 21 + -1.
-17
What is -7 + 7 + -1 + (-27 - (0 - 6))?
-22
Evaluate -15 + 0 + (8 - 6 - 0).
-13
-1 + -26 - 1 - (757 + -766)
-19
What is -1 + 7 - (-140 - -155 - (21 + 1))?
13
8 - (13 + (-16 - -18)) - (3 - 0)
-10
What is the value of (-12 - -3) + -1 - (-9 - -3)?
-4
7 + (0 + -5 - 17) + 5 + -6
-16
-1 + 2 + (-19 - -9)
-9
Calculate -11 + (-4 + -1 - (7 + -16)).
-7
What is the value of (59 - 14) + -21 - (-11 - -2)?
33
-10 - -13 - 13 - 5
-15
-8 + 15 + (6 - 2) + -1
10
What is (4 - (-3 + -7 - (4 + -43))) + -9?
-34
22 + 21 + -51 - (22 - -1)
-31
Calculate -7 + -1 - 1 - (64 - 31 - 35).
-7
Evaluate 0 + 2 - ((10 - 1) + 27 + -13).
-21
12 - 6 - 11 - (-31 - -27)
-1
Calculate -2 - 0 - (3 + -18 + 28).
-15
Evaluate (3 - 13) + 16 + -9 + -1 + -2.
-6
Calculate 6 + 1 + 1 - ((-30 - -84) + -52).
6
-30 - (-20 + -12 - -13)
-11
Evaluate 13 - (-13 - -24) - 8.
-6
What is the value of -23 - ((-1 - -21) + 25 + -42 + 8)?
-34
Evaluate 5 - (-27 + 29 - (-1 - 9)).
-7
-4 - (-10 + 8) - (14 - 5)
-11
Calculate 2 + 2 + -1 + 0 + -5 + -7.
-9
Calculate 15 - 3 - (21 + (14 - 20)).
-3
What is the value of -8 + (1 + 14 - 8)?
-1
Evaluate (-4 - -6) + (1 + -18 - -9).
-6
-7 + 5 + (-15 + 27 - 20)
-10
What is the value of (52 - 41) + (4 - 42) + -2 + -6?
-35
23 - -23 - (17 + 2)
27
What is the value of -17 - 3 - -20 - -24?
24
Evaluate (-22 - (1 + -3 + 3)) + (34 - 28).
-17
5 - ((19 - 7) + 3)
-10
Evaluate -6 - ((-5 - -8 - 10) + 8).
-7
What is 10 + (-1 - -1 - (-261 - -257))?
14
What is the value of (20 - 33) + 4 + -23?
-32
Evaluate (-10 - (4 - 2)) + (10 - -4).
2
What is (-1111 - -1132) + 4 + 1?
26
Evaluate -2 + 5 + 1 + -6 + -11.
-13
What is -22 - (0 - -1 - 13 - (118 - 126))?
-18
Evaluate -11 + -11 - (8 - 36).
6
Calculate -2 + -14 + -1 - (7 - 22).
-2
(-14 + 9 + (8 - 1) - 1) + -4
-3
Evaluate 1 + 6 + -16 + 4.
-5
(45 - (-4 + 63)) + -16
-30
-5 + (1 - 2) + (11 - 13 - 6)
-14
What is the value of 2 - (3 + 0 + -4 + -10 + 0)?
13
2 + -8 + -7 + (-14 - -28)
1
What is -23 + 12 + -5 + 14 + -13?
-15
Calculate -13 - (10 + -38 + 2).
13
Calculate -1 + -7 - 6 - -9.
-5
-19 + 13 + (8 - 6)
-4
Calculate -4 + (56 - 29 - (1 - -8)).
14
Evaluate 21 + -58 + 15 - -37.
15
4 - (-27 + 18) - (5 - 18)
26
What is 0 + (14 + -17 - (-2 + 7))?
-8
Evaluate -16 + (-11 - (8 - 13)).
-22
What is -4 - -7 - -7 - (-43 - -55)?
-2
2 + -3 - (-546 - -531)
14
Evaluate (-101 + 98 - (-2 + 6)) + (29 - 1).
21
Evaluate -1 - (8 - 12 - (-19 - -17)).
1
Calculate -329 + 335 + -21 + -1.
-16
Evaluate (5 - 0) + (119 - 131) + -1 + 20.
12
5 - (-4 + -1 + -10 + 32)
-12
What is -2 - ((-26 - -4) + 17)?
3
What is (13 - 7) + -7 + -11 + 9?
-3
6 + (-12 - -5 - (10 - 12)) + -5
-4
What is the value of (7 - 9) + 10 + -10 + 11?
9
3 - (5 - 2 - -14)
-14
What is the value of -6 + (9 - (3 + 7) - -3)?
-4
Evaluate (41 - 77) + 27 - 9.
-18
Evaluate (-2 + 6 - -1) + (-73 - (-85 - -21)).
-4
-20 - (-12 + 34 + -18)
-24
2 - ((0 - (-8 - -2)) + -15 + 1)
10
Evaluate -137 + 158 - (11 + -4).
14
What is -70 + 67 + (1 - (-12 + 2))?
8
(1 - 2) + 504 + -496
7
Calculate (32 + -23 - 17) + 2 + -15.
-21
-48 + 47 + -3 + -1
-5
What is the value of -75 + 31 - -29 - (2 + -22)?
5
6 + -1 + (-31 - 6) + 24
-8
What is 3 + -34 + 14 + 8?
-9
What is the value of -43 + 51 + (3 - 7) + 0?
4
Calculate 2 + -14 + (6 + 9 + -7 - 12).
-16
What is -6 - (3 - 13) - (-4 - -3)?
5
What is the value of (-31 - -15) + 8 + 0 + 26?
18
Evaluate (16 - 1) + (208 - 224).
-1
0 + (-12 + -1 - (126 + -132)) + 48
41
What is 0 + (-5 - 7) + 8 - -15?
11
((3 - -6) + 4 - 8) + 8
13
Calculate -4 + (0 - -12 - 13).
-5
What is the value of 3 + -41 + -17 + 29 + -4?
-30
What is the value of -13 + (-10 - (-8 - 0))?
-15
What is 34 + -75 + -1 + 16?
-26
Evaluate (10 - -4) + (-9 - 4).
1
What is -17 - (-15 + (9 - 15))?
4
Evaluate -3 - (-1 + 8 + -15).
5
0 - -20 - (66 - (76 - 16))
14
Evaluate -4 + -6 - (-6 - (-6 + 4) - -5).
-11
What is the value of 508 - 546 - (-4 - 41)?
7
Evaluate 4 - (-4 + 16 + -5 - (-1 + 12)).
8
Evaluate -22 + 44 - (1 + 23).
-2
Calculate (69 + -28 - 16) + -17.
8
8 - (-2 + (-7 - -21))
-4
Evaluate 4 - (-5 + 1 + (-46 - -39)) - -1.
16
Calculate 3 - -21 - (-16 - (-4 - 9) - -12).
15
-6 - -5 - -2 - 9
-8
Calculate (6 - 4) + 3 + 7 + -7 + 1.
6
What is the value of -7 - ((16 - 8) + -15)?
0
What is the value of 13 + -11 - (-7 + 16 + -2)?
-5
What is -30 + 16 + -2 + (7 - (-5 - -12))?
-16
What is the value of (3 - 19 - -6) + 13 + -13?
-10
What is the value of 2 - -4 - ((-166 - -177) + (-1 - 2))?
-2
523 - 527 - (0 + -12)
8
What is the value of 7 + 0 - (-23 + 10 - -26) - 6?
-12
What is the value of -7 + -8 - (24 - 40)?
1
Calculate 2 - ((0 + 5 - 0) + 1).
-4
What is 52 - (17 + (9 - -16))?
10
Calculate 7 - -7 - 23 - (11 + -3).
-17
What is the value of -5 - (-27 + 4 + 7)?
11
Calculate (14 - -9) + -14 - 8.
1
Evaluate -97 + 56 - (-14 + -2).
-25
Evaluate 38 - 35 - (1 - (2 + 0 + -10)).
-6
What is 3 + -1 + 5 + (-41 - (27 - 71))?
10
0 + 22 - (-3 + -6 + 12 + -4)
23
14 + 33 + (-25 - 7)
15
What is the value of -4 + 0 + -12 + 9 + 12 + -14?
-9
Calculate (18 - 39) + (-7 - -8 - -3).
-17
Evaluate (75 - 104) + -3 + 18.
-14
Evaluate -37 + 22 + (0 - -2) + 6.
-7
Calculate (5 - 1 - -6 - 7) + 0.
3
(51 - (-21 + 52)) + -13
7
Evaluate (-1 - (6 + -9)) + (16 - 3).
15
Calculate 37 + -17 - (-5 + 11 - -1).
13
Evaluate -11 + (18 - -1) + 8 - -9.
25
Calculate 1 - 8 - (19 + -29) - (-14 - -53).
-36
What is the value of -1 + (6 - (-2 + 6)) + (1 - -13)?
15
What is 7 + -34 - (-9 - 2) - -1?
-15
Calculate 53 + -26 + -37 + -4.
-14
Calculate -15 - (-40 + 16 + -21 + 11).
19
What is the value of (-2 + (-2 - -4) - -6) + (6 - 2)?
10
What is -4 - -16 - (-2 - 2)?
16
Calculate 4 + 1 + 10 + -11 + 11 + -3.
12
Calculate 9 + (-45 